the greatest common divisor of 9963 and 41?
41
Calculate the greatest common factor of 108 and 276.
12
Calculate the highest common divisor of 984 and 24.
24
Calculate the greatest common divisor of 120 and 6096.
24
Calculate the greatest common factor of 1964 and 8.
4
What is the greatest common factor of 152 and 532?
76
What is the highest common factor of 210 and 525?
105
Calculate the highest common factor of 143 and 1980.
11
Calculate the greatest common factor of 2172 and 12.
12
Calculate the highest common divisor of 60 and 372.
12
Calculate the highest common factor of 6 and 9762.
6
Calculate the greatest common divisor of 74 and 185.
37
Calculate the highest common divisor of 30 and 1734.
6
Calculate the highest common divisor of 32 and 6.
2
Calculate the greatest common factor of 98 and 154.
14
Calculate the highest common divisor of 6771 and 122.
61
Calculate the greatest common divisor of 5509 and 35.
7
What is the greatest common divisor of 324 and 162?
162
What is the greatest common divisor of 315 and 27?
9
Calculate the highest common divisor of 875 and 350.
175
What is the greatest common divisor of 13268 and 124?
124
What is the highest common factor of 1100 and 352?
44
Calculate the greatest common factor of 33 and 1243.
11
What is the greatest common divisor of 2911 and 82?
41
What is the greatest common factor of 31 and 15?
1
What is the highest common divisor of 111 and 185?
37
Calculate the greatest common factor of 7252 and 296.
148
Calculate the highest common factor of 11228 and 112.
28
What is the highest common factor of 20 and 48?
4
What is the highest common factor of 516 and 2408?
172
Calculate the greatest common factor of 99 and 2079.
99
What is the greatest common divisor of 740 and 90?
10
Calculate the highest common divisor of 39 and 14131.
13
What is the highest common factor of 64 and 416?
32
What is the greatest common factor of 216 and 96?
24
Calculate the highest common divisor of 135 and 250.
5
Calculate the greatest common divisor of 156 and 1300.
52
What is the greatest common divisor of 49 and 2030?
7
What is the greatest common factor of 44 and 143?
11
What is the highest common factor of 36 and 8766?
18
Calculate the highest common divisor of 304 and 190.
38
Calculate the greatest common divisor of 3783 and 78.
39
What is the highest common divisor of 53 and 3?
1
What is the greatest common divisor of 89 and 623?
89
Calculate the greatest common factor of 135 and 15.
15
What is the greatest common divisor of 140 and 1988?
28
What is the greatest common divisor of 138 and 18?
6
What is the highest common factor of 83 and 249?
83
What is the greatest common factor of 36 and 27?
9
What is the greatest common factor of 1161 and 459?
27
Calculate the highest common divisor of 891 and 108.
27
Calculate the greatest common divisor of 28 and 525.
7
What is the highest common divisor of 500 and 60?
20
What is the highest common divisor of 204 and 16?
4
What is the greatest common factor of 96 and 4336?
16
Calculate the highest common divisor of 7098 and 117.
39
What is the greatest common divisor of 316 and 79?
79
What is the highest common divisor of 8 and 944?
8
Calculate the highest common factor of 3775 and 453.
151
Calculate the greatest common divisor of 4995 and 185.
185
Calculate the highest common factor of 90 and 18.
18
What is the highest common divisor of 1 and 169?
1
What is the greatest common factor of 748 and 1276?
44
Calculate the highest common divisor of 212 and 8692.
212
Calculate the highest common factor of 507 and 39.
39
What is the greatest common factor of 52 and 1924?
52
What is the highest common factor of 48 and 768?
48
What is the highest common factor of 1379 and 189?
7
Calculate the highest common factor of 95 and 152.
19
What is the highest common divisor of 306 and 3298?
34
Calculate the greatest common factor of 150 and 1422.
6
Calculate the greatest common divisor of 16 and 112.
16
What is the highest common divisor of 16 and 1384?
8
What is the greatest common divisor of 15386 and 98?
98
What is the greatest common factor of 312 and 182?
26
Calculate the highest common factor of 66 and 8283.
33
Calculate the highest common divisor of 532 and 700.
28
Calculate the greatest common divisor of 276 and 12.
12
Calculate the greatest common factor of 68 and 34.
34
What is the greatest common divisor of 75 and 175?
25
What is the highest common factor of 8680 and 420?
140
Calculate the highest common factor of 20 and 35.
5
What is the highest common divisor of 10 and 1970?
10
What is the highest common divisor of 32 and 1088?
32
What is the greatest common divisor of 91 and 299?
13
What is the highest common divisor of 444 and 12?
12
What is the highest common divisor of 175 and 265?
5
What is the greatest common factor of 16 and 256?
16
Calculate the highest common divisor of 71 and 24637.
71
What is the highest common divisor of 22 and 9317?
11
Calculate the highest common factor of 60 and 3260.
20
Calculate the highest common factor of 13216 and 118.
118
What is the greatest common factor of 25 and 9150?
25
What is the greatest common divisor of 154 and 44?
22
What is the greatest common divisor of 56 and 812?
28
Calculate the highest common divisor of 6 and 246.
6
What is the highest common factor of 332 and 4?
4
What is the highest common factor of 160 and 8240?
80
Calculate the highest common factor of 58 and 28246.
58
What is the greatest common factor of 10 and 23440?
10
What is the highest common factor of 1551 and 1269?
141
What is the highest common factor of 77 and 242?
11
What is the highest common factor of 368 and 276?
92
Calculate the highest common factor of 481 and 13.
13
What is the highest common factor of 3 and 237?
3
Calculate the highest common divisor of 6 and 162.
6
Calculate the greatest common factor of 210 and 1715.
35
Calculate the greatest common factor of 915 and 15.
15
What is the highest common factor of 480 and 115?
5
Calculate the highest common divisor of 8 and 392.
8
What is the highest common divisor of 9276 and 108?
12
Calculate the greatest common factor of 48 and 17528.
8
What is the highest common divisor of 102 and 306?
102
What is the highest common divisor of 799 and 17?
17
Calculate the greatest common divisor of 32 and 148.
4
What is the greatest common factor of 3053 and 71?
71
Calculate the highest common divisor of 793 and 52.
13
What is the highest common divisor of 128 and 448?
64
What is the highest common factor of 2788 and 51?
17
What is the greatest common divisor of 38 and 1045?
19
Calculate the greatest common factor of 30 and 1965.
15
Calculate the highest common divisor of 10 and 2.
2
Calculate the highest common divisor of 60 and 960.
60
What is the greatest common factor of 207 and 46?
23
Calculate the greatest common factor of 104 and 216.
8
What is the highest common divisor of 160 and 50?
10
Calculate the highest common divisor of 9821 and 61.
61
Calculate the greatest common factor of 119 and 493.
17
What is the greatest common factor of 1 and 67?
1
Calculate the highest common divisor of 39 and 1469.
13
What is the greatest common divisor of 1421 and 58?
29
What is the highest common divisor of 22 and 6?
2
Calculate the highest common factor of 75 and 150.
75
Calculate the highest common factor of 169 and 13.
13
What is the greatest common divisor of 2407 and 29?
29
Calculate the greatest common divisor of 39 and 7007.
13
What is the highest common factor of 336 and 1092?
84
What is the highest common factor of 243 and 72?
9
Calculate the highest common divisor of 4 and 58.
2
Calculate the greatest common divisor of 976 and 8.
8
What is the greatest common factor of 231 and 189?
21
What is the greatest common divisor of 17 and 136?
17
Calculate the highest common divisor of 2331 and 567.
63
What is the highest common divisor of 1241 and 17?
17
Calculate the greatest common factor of 47806 and 212.
106
What is the highest common factor of 13 and 104?
13
Calculate the greatest common divisor of 8520 and 12.
12
What is the highest common factor of 275 and 175?
25
What is the greatest common factor of 568 and 16?
8
Calculate the highest common divisor of 918 and 54.
54
What is the greatest common divisor of 281 